e the remainder when 51 is divided by g.
6
Suppose 24 = 78*b - 1068. What is the remainder when 2617 is divided by b?
13
Let h(s) = 102*s + 1074. Let i be h(-10). Suppose -2*z - 22 = -i. Suppose 4 = v, 0 = -t + v + 44 - 1. Calculate the remainder when t is divided by z.
15
Suppose -9*f - 258 = 14*f - 25*f. Suppose -37*w + 39*w - 70 = 0. Calculate the remainder when f is divided by w.
24
Let o(a) = 45*a**2 - 8*a - 7. Let h be o(-1). Let q = h - 17. Suppose 11*t - 15*t = -212. Calculate the remainder when t is divided by q.
24
Let v be 3/(-2)*-1*680/12. Suppose 2*l - 83 = v. Suppose -155 = -4*b + 3*o, 4*b + 4*o - l = 36. What is the remainder when b is divided by 18?
17
Calculate the remainder when 119 is divided by (-110 + 91 - 1/(-2))*-2.
8
Suppose -1002 = -2*w - 0*w + 5*p, 6*p - 1046 = -2*w. Calculate the remainder when w is divided by 16.
15
Suppose -3*f + y + 3899 = 0, 5196 = -16*f + 20*f - 4*y. What is the remainder when f is divided by 77?
68
Let p(l) = -25*l + 739. Let s be p(0). Let y = 754 - s. What is the remainder when 104 is divided by y?
14
Let m be 15 + -1 + 28/7. Let w = -12 + m. What is the remainder when ((-27)/(-2))/((-2)/(-4)) is divided by w?
3
Let j(q) = 8291*q + 41468. Suppose -6 = -0*k - 3*k. Suppose k*x = 4*x - 126. What is the remainder when x is divided by j(-5)?
11
Suppose 2156*a - 2115*a - 429926 = 0. Calculate the remainder when a is divided by 24.
22
Let n = -643 + 1231. Calculate the remainder when n is divided by 193.
9
Suppose 0 = 6*u - 887 - 895. Calculate the remainder when 1189 is divided by u.
1
Let p = 464 - 71. Let u = p + -278. Calculate the remainder when u is divided by 12.
7
Let o = 389 - 227. What is the remainder when o is divided by (-15 + 3 + 7)*1230/(-150)?
39
Suppose -10 = 16*f - 21*f. Suppose -x = 0, j = -3*j - f*x + 156. Calculate the remainder when 151 is divided by j.
34
Suppose 5*d + 4*n - 119 = 0, -3*d - 3*n = -2*d - 15. What is the remainder when 526 is divided by d?
13
Let w(g) = -5*g - 14. Let f be w(-7). Suppose f = 5*k - 279. Calculate the remainder when 12 is divided by (3/(-5))/((-4)/k).
3
Suppose -3328 = -105*q - 480 + 3137. What is the remainder when 681 is divided by q?
54
Suppose 20 - 7 = y. Suppose 36*v - 27*v - 801 = 0. Calculate the remainder when v is divided by y.
11
Suppose -5*a - 2*j = -10*a - 2413, -5*a + 4*j - 2421 = 0. Let n = -444 - a. What is the remainder when 70 is divided by n?
33
Suppose -5*p + 4*h + 418 = -41, 2*h = -2. What is the remainder when 1260 is divided by p?
77
Suppose -c = -3*p + 686, -11*p = -9*p + c - 464. Let r = p + -126. Calculate the remainder when r is divided by 12.
8
Suppose 919 = u + 2*r + 254, -4*r + 675 = u. Calculate the remainder when u is divided by 1*17 - (-40)/(-4 - -12).
17
Let f(v) = -v**3 + 30*v**2 + 24*v + 526. What is the remainder when f(31) is divided by 102?
3
Suppose 92*x + 4480 = 16900. Calculate the remainder when 283 is divided by x.
13
Let z = 35 - 16. Let t = 475 - 475. Suppose -4*n + 5*n - 44 = 2*i, t = -2*n + 3*i + 83. What is the remainder when n is divided by z?
15
Let w be (11/13 - 1) + 5730/65. Suppose g - 5*n - 37 = 0, -w*n = -3*g - 86*n + 111. Let b(u) = -18*u + 1. Calculate the remainder when g is divided by b(-1).
18
Let l = 111 - 99. Let a = l + -9. Suppose -a*h + 6*h - 59 = -4*z, 4*h - 4 = 0. Calculate the remainder when 39 is divided by z.
11
Let w = -111 + 160. Calculate the remainder when (2 + 0)/(-13 - 17668/(-1358)) is divided by w.
47
Suppose -3713 + 213 = -28*a. What is the remainder when 472 is divided by a?
97
Let u(m) = 4*m**2 - 2*m. Let i be u(1). Suppose 10*h - 8*h - 61 = -k, 4*h = i*k - 130. Suppose 10*z - 3*z = k. What is the remainder when 40 is divided by z?
4
Let f(l) = l**3 + 7*l - 3. Let z(c) = -33*c - 129. Let p be z(-4). Calculate the remainder when f(p) is divided by 10.
5
Suppose -42*b - 81*b - 211*b = -3674. What is the remainder when 1593 is divided by b?
9
Let y = -3220 + 3236. Calculate the remainder when 587 is divided by y.
11
Let w = 344 - 340. Let t(u) = -16*u + 10 - u + 4*u**2 + 5*u. What is the remainder when t(w) is divided by 15?
11
Suppose -233 - 89 = -7*z. Suppose 52*f - 180 = z*f. Calculate the remainder when 81 is divided by f.
21
Let u = 33 - 31. Suppose u*g + 3*a - 132 = 0, 3*g - 164 = -3*a + 40. Suppose 66 = 5*p - y, -4*p - 5*y = -y - g. Calculate the remainder when 38 is divided by p.
10
What is the remainder when (590 - -1) + (-8)/(15 + -16) is divided by 98?
11
Suppose 0 = -41*z + 36*z + 230. Suppose 51*v = z*v + 345. Calculate the remainder when v is divided by 19.
12
Suppose o = 2*c + 4*o - 1548, 0 = -5*c - 3*o + 3879. Suppose c = 12*z + 237. What is the remainder when 116 is divided by z?
26
Let u(h) = h**3 + 16*h**2 - 13*h + 76. Let l be 36/(-252) - 118/7. Calculate the remainder when 134 is divided by u(l).
6
Suppose -3*x = -15*x + 660. Suppose 577 = 18*c + x. Calculate the remainder when 316 is divided by c.
26
Suppose -5*h + 70411 = 7*x - h, 3*x = -2*h + 30175. What is the remainder when x is divided by 37?
34
Suppose 4*q - 244 - 108 = 0. What is the remainder when q is divided by (26/14)/((-19)/(-133))?
10
Let p(x) = -26*x - 183. Calculate the remainder when p(-16) is divided by 28.
9
Suppose 0 = -p - 2, 0*p = 3*u + 5*p - 374. Suppose 3*a - 3*j - 59 - 34 = 0, -j + 125 = 5*a. Calculate the remainder when u is divided by a.
24
Let q(y) = 4*y + 14. Let x be q(-6). Calculate the remainder when 111 is divided by (8 - -62)*((-14)/x - 1).
27
Let g(y) = -2*y + 18. Let x be g(-15). Let p = -46 + x. Suppose p*u + j = 34, u = 6*u - 4*j - 72. What is the remainder when u is divided by 9?
7
Let o(n) = n**3 - 3*n**2 - n + 3. Suppose 2*v = -i + 6*i - 30, -5*i = v - 15. What is the remainder when 69 - ((-20 - -8) + 7) is divided by o(i)?
14
Suppose -34*h - 11*h + 3960 = 0. Suppose -3*n = 2*n - 80. What is the remainder when h is divided by n?
8
Let h = 38 - 22. Let f be (-90)/(-7) - ((-44)/14 + 3). Suppose f*q = 6*q + 546. Calculate the remainder when q is divided by h.
14
Suppose 10729 + 68935 = 11*c - 36441. What is the remainder when c is divided by 28?
27
Suppose i + 40 = 9*i. Suppose 333 = 4*g + l, -5 = -2*l + i. Suppose 6*f = 2*f - 12, 2*f = 4*c - g. What is the remainder when 55 is divided by c?
17
Suppose 0 = 221*h + 25151 - 84158. Calculate the remainder when h is divided by 148.
119
Let s = 2 - -4. Suppose -4*z + s = -2*z. Let p = -102 + 114. What is the remainder when p is divided by z?
0
Suppose -l + 51 = 3*j, -38*j - 164 = -3*l - 36*j. What is the remainder when 285 is divided by l?
15
Suppose -3*q + 37 = 10. Suppose q*i + 66 = 255. Calculate the remainder when 124 is divided by i.
19
Let y be ((-3)/6)/(2*(-7)/140). Let v = -7 - -68. Suppose 3*f + n = 34, -5*f = -3*n - v - y. What is the remainder when 104 is divided by f?
8
Let z(i) = -6*i - 44. Let q be z(-9). Let t = q - -14. Calculate the remainder when (-1)/((2/376)/(3/(-6))) is divided by t.
22
Suppose 381 + 63 = 19*i - 202. Suppose 3*a = -3*x + 117, x + 45 = a + 5*x. Calculate the remainder when a is divided by i.
3
Let n = -184 + 202. Suppose -n*r = 42 - 582. What is the remainder when 144 is divided by r?
24
Suppose 9*g + g - 56 = 8*g. Let h(x) = 24*x + 1. What is the remainder when h(2) is divided by g?
21
Let w be 176 + -7 + (9 - 2). Suppose 3*y + 364 - 68 = 5*a, -3*a + w = -y. What is the remainder when a is divided by 17?
7
Let a = -11 - -22. Let l = 305 + -303. What is the remainder when a is divided by l?
1
Let x(z) = z**3 + 5*z**2 - 27*z - 19. Calculate the remainder when x(6) is divided by 55.
50
Suppose 5*q - 2*i = 602, -q = -2*q - 5*i + 142. Let g(l) = 2*l**3 + 24*l**2 + 27*l - 99. Calculate the remainder when q is divided by g(-10).
29
Let m = -56 - -72. What is the remainder when ((-12)/m)/((-1485)/492 + 3) is divided by 18?
5
Let o = -17038 - -17102. What is the remainder when 565 is divided by o?
53
Let i be 2/((-35)/49 - -1). Suppose 336 = -i*j + 13*j. What is the remainder when 223 is divided by j?
55
Let r(u) = u**2 + 11*u + 19. Let t be r(-10). Suppose -4*d + t*d - 25 = 0. Suppose d*b - 120 = 50. What is the remainder when b is divided by 19?
15
Suppose 62 = 5*w + 3*m, -w - 2*w - 2*m + 38 = 0. Let y = -7025 - -7113. Calculate the remainder when y is divided by w.
8
Let h(b) = -4*